?
True
Suppose 11*h - 6*h = -4*z + 1706049, -3*h + 1023623 = -4*z. Is h composite?
True
Suppose 6*g + 716 = -550. Let b = g + 1098. Is b prime?
True
Let s(w) = 1574*w**2 - 66*w - 79. Is s(-21) composite?
False
Let h be 66/4*338 + (-11 + 3 - -3). Suppose 4*s - 3*j = 57, 6 = 2*s + 4*j - 28. Suppose h = s*d - d. Is d composite?
True
Suppose 4*l - 5 = 3*l - m, 4*l - 15 = m. Suppose -2*f + 0*f = -5*o + 7827, -6252 = -l*o + 4*f. Is o a prime number?
True
Let z(p) = -p**3 + 3*p**2 - 3*p + 3. Let q be z(2). Let h(g) = 15963*g**3 - g**2 + 2. Let d be h(q). Suppose 8*b - 12*b = -d. Is b prime?
False
Suppose -5*r = 3*l + 21, -4*l + 4*r + 4 = -0. Let u be 0/(1/2*l). Suppose d + d + 5*m - 206 = u, 5*m = -d + 103. Is d prime?
True
Is -5 + (61 - 25)*(-2 - -26163) prime?
True
Let i(z) = -27*z - 18205. Let n be i(0). Let u = -10412 - n. Is u a composite number?
False
Suppose 2*l - 343139 = -6*p - 115815, 4*l - 454571 = -p. Is l prime?
False
Let c = 68 - 61. Let z(h) = -h**3 - 5*h**2 - 13*h + c*h + 8*h - 1. Is z(-6) a prime number?
True
Let q = -63 + 69. Let f(h) = -5*h + 24. Let s be f(q). Is (s/27 - (-23)/9)*111 a prime number?
False
Suppose 759 = 18*v - 519. Suppose -v*o + 67*o = -38404. Is o a prime number?
True
Let c(r) = -r - 6. Let i be c(-3). Let m be i - -433 - (0 - 4). Suppose -64 - m = -4*j - 5*u, -u - 2 = 0. Is j prime?
True
Let j(x) = 22*x**2 - 29. Is j(-5) a composite number?
False
Let m = -58 + 98. Let n = 24 - m. Is 0 + 1687 - (n - -14) a prime number?
False
Let f = 645407 - 329116. Is f a composite number?
False
Let r be (-2)/(-11) - 62/(-22). Let b(v) be the second derivative of 41*v**3/3 - 23*v**2/2 + 3*v. Is b(r) prime?
True
Let f(x) = 27 - 6*x + 4*x - 10. Let c be f(0). Suppose -c*v + 18*v = 389. Is v prime?
True
Let k(g) = -5*g**3 + g**3 - 14*g**2 + 3*g**3 + 4 - 12*g. Let r(f) = f**3 - 10*f**2 + 2*f - 35. Let c be r(10). Is k(c) a prime number?
True
Suppose -5*p - 3*a = -3*p - 12, -18 = -4*p - 3*a. Suppose -4*w + 5*v - p*v = -1128, 2*w + v - 560 = 0. Suppose 26 = -5*q + w. Is q a composite number?
True
Let a(o) = 12*o**2 - 37*o - 6. Let k(y) = -3*y**2 + 12*y + 2. Let f(v) = 3*a(v) + 8*k(v). Let l(m) = m + 3. Let j be l(4). Is f(j) composite?
True
Suppose -2*r + 6*c = 7*c - 674048, -5*r - 4*c = -1685129. Is r composite?
False
Let i = 649 - 669. Is 632 - -5*(-8)/i composite?
True
Let v(d) = 9*d - 185. Let l be v(21). Let h(j) = 61*j**2 + 14*j - 55. Is h(l) prime?
True
Let g(f) = 115*f**2 + 26*f + 11. Is g(28) a composite number?
True
Let z(c) = -12*c**3 - 39*c**2 + 17*c + 215. Is z(-16) composite?
True
Let s(i) = 22*i**3 - 35*i**2 + 69*i - 81. Is s(22) composite?
True
Let t(n) = n**2 - 10*n + 16. Suppose -4*d + 48 = -5*x, -5*d - 7 = -x - 46. Let i be t(d). Is (-28865)/(-10) + i/(-10) a prime number?
True
Let l(d) = -4*d**3 + 30*d**2 + d + 29. Let p = -33 + 38. Let b(a) = 5*a**3 - 31*a**2 - 29. Let t(u) = p*b(u) + 6*l(u). Is t(-22) a composite number?
True
Suppose -56 = -6*h - 38. Suppose 3*r + 3 = 0, -h*z - 5*r = -r - 4625. Is z a composite number?
False
Let r(c) = 49*c - 12. Let n be r(-5). Let v = -587 + 1047. Let u = v + n. Is u composite?
True
Let i(b) = -33798*b + 18. Let d be i(11). Is (-10)/6*d/200 a prime number?
False
Suppose 0*j + 2*y = -24*j + 4520442, j = 4*y + 188315. Is j a prime number?
True
Suppose 15*n = 36431 + 16204. Suppose -2*y = -y - 1282. Suppose 5*d = 2*o + 7985, -o + n + y = 3*d. Is d composite?
False
Let a = -503 + 499. Is 117/6*((-33530)/(-15) + a) a prime number?
False
Let m = -60824 - -116671. Is m a composite number?
True
Suppose 212*y = 16593604 + 14769040. Is y composite?
False
Let l(t) = -15*t**3 - 4*t**2 + 144*t + 1198. Is l(-9) a composite number?
False
Is (-29)/((-87)/18) - -166403 prime?
True
Let k(u) = 301*u - 6. Let p(h) be the second derivative of -h**5/4 - h**3/2 - 3*h**2/2 + 24*h. Let s be p(-1). Is k(s) a composite number?
False
Let l(r) = -43 + 43*r - 16 - 33*r. Is l(9) a composite number?
False
Suppose -2*c + 9 + 8 = q, 4*q + 20 = 0. Let k(p) = -16*p - 4*p**2 - 3*p**2 + 25*p**2 - 11*p**2. Is k(c) prime?
False
Let r = -13 - -4. Let j(u) = u**3 + 17*u**2 - 10*u + 5. Let l(d) = -3*d**3 - 50*d**2 + 30*d - 15. Let h(z) = -17*j(z) - 6*l(z). Is h(r) prime?
True
Suppose -100 = -3*k + 104. Let q = k + -64. Suppose q*j = 23594 + 5778. Is j composite?
True
Let l(z) = 41*z - 28*z + 83 - 34*z - 60*z. Is l(-26) a composite number?
True
Suppose 150*w - 9725721 - 135421158 = -159*w. Is w composite?
True
Suppose -3*g = 35 - 5. Let p(n) = -4*n**3 - 2*n**2 - 12*n + 17. Let o be p(g). Suppose 4*z = l + o, 4*z + l + 1971 = 6*z. Is z prime?
True
Suppose 285 = -11*c + 30*c. Is -2 + 5042/3 + (-10)/c composite?
True
Let h(q) = 3895*q**2 + q + 1. Let s be h(1). Let u be ((-466)/(-5) - 2)/(2/(-25)). Let z = s + u. Is z composite?
True
Suppose -3*t + 1124 - 1127 = 0, 5*y - 5*t - 663150 = 0. Is y a composite number?
True
Suppose 2*n + 13 = d, 19*d - 4*n - 17 = 20*d. Suppose d*p = 4*g - 49880, 0 = 16*g - 19*g - 2*p + 37427. Is g a composite number?
False
Let d = -26 - -38. Let v be (2 - 0 - d)/(1/(-1)). Is 1 + (-5)/(v/(-3164)) composite?
False
Suppose 0 = -2*k - 4*f - 36, -34*k + 50 = -38*k + 3*f. Is ((-20392)/k)/((-12)/(-42)) a prime number?
False
Let l(c) = -2*c - 18. Let r be l(-13). Suppose -r*f = -2*f - 48. Suppose 1437 = -f*d + 11*d. Is d prime?
True
Let a(l) = l**2 + l - 7. Let i be a(2). Is (-18921 + i)*2/(-4) a composite number?
False
Suppose -90 - 90 = -9*h. Suppose 4*r = h, -13*q + 2*r + 11069 = -10*q. Is q prime?
False
Let f(k) = -121*k**3 - 3*k**2 + 3*k + 11. Let l be f(-3). Suppose 8*y - 30514 = -l. Is y a prime number?
False
Suppose -3*c + 404357 - 116393 = 3*y, 2*c - 287963 = -3*y. Is y a composite number?
False
Suppose -5*j - 107297 = -d - 3*j, 2*d + 3*j = 214608. Suppose -13*o + d = -92288. Suppose o = 9*u + 4*u. Is u prime?
True
Let f be 2/((-46542)/(-46536) - 1). Suppose -163896 = -16*i + f. Is i composite?
False
Suppose 2*u + 3*a = 12895, 6*u - 2*a = 4*u + 12900. Is u a composite number?
False
Let v(n) = 18 - 178*n + 204*n**2 - 182*n + 359*n. Is v(7) a composite number?
False
Let p(h) = 1 + 36*h + 95*h + 53*h - 6. Is p(6) a composite number?
True
Suppose 2*i = 5*a - 199893 + 25705, 5*i = a - 435493. Is i/(-6 + 5 + -2) a prime number?
True
Let j(a) = 19767*a**2 + 61*a + 21. Is j(-5) a prime number?
False
Let p(r) = -r**3 - 3*r**2 - 4*r - 16. Let z be p(-5). Suppose 0 = 5*t - 16 - z. Is (-2)/t - (5 - 8765/7) prime?
False
Let a = 120462 + -9133. Is a composite?
True
Let i be ((-2)/(-10)*-5)/((-1)/8). Let m(j) = 59*j + 169. Is m(i) a prime number?
True
Suppose -15*i = 4516 + 734. Let r be 4/(-5 - -1) + 0. Is (r + 7 + -1)*(-66710)/i prime?
True
Suppose 273*z - 244*z - 1981831 = 0. Is z composite?
True
Suppose z + 7 = -2*w + 8, -2*w - 2*z = -2. Suppose -4*a + 8*a = -4, w = -5*u + 4*a + 5609. Is u a composite number?
True
Suppose 0 = d + 2, 3*n - 8*n = 4*d + 10813. Let z = n - -8594. Is z a composite number?
True
Let p(c) = 2*c**3 + 2*c**2 - 40*c + 131. Is p(28) a prime number?
True
Is (-26)/(-91) + (0 - 20506/(-14)) prime?
False
Let a be 80544*(21/(-35) - (-11)/10). Suppose 2*i + i = 4*z - 80537, 2*z + 2*i = a. Is z a composite number?
True
Suppose -5*o + 12 = -6*o. Suppose 8*l - 7*l + 1 = 0. Is 3/l*1204/o*1 a prime number?
False
Suppose 13*s - 8*s - 2190 = 0. Suppose 0 = 7*h + 109 - s. Suppose -2*k + 69 = -h. Is k composite?
True
Suppose 4*i = -5*r + 14103, 0 = r + i - 1240 - 1581. Is r composite?
False
Let c(o) = 162*o**2 - 10*o - 23. Let k = 10 - 16. Let x be c(k). Suppose -10*y + 5521 = -x. Is y composite?
True
Let t be ((-18)/(-1))/((-1)/1). Let f be 3732/t + (-2)/(-6). Let y = f - -508. Is y a prime number?
False
Suppose -4*m - y = -18872, m + y + 9430 = 3*m. Suppose -16*l - m + 151613 = 0. Is l a prime number?
True
Is ((-253)/22 - -10)/(12/(-889880)) composite?
True
Let u = 2854 - 4996. Let j = -1506 - u. Suppose -27*g = -23*g - j. Is g a prime number?
False
Suppose 0 = 2*x - 117*f + 116*f - 1030227, 2*x + 3*f = 1030207. Is x composite?
False
Let k = -35 - -34. Let r be 0 - k - (2 + -1). Suppose r = 3*w + 3*w - 852. Is w a composite number?
True
Let i = 2740 - 1777. Let w be (-1815520)/600 - 6/45. Let m = i - w. Is m prime?
True
Let v be 5/(-15)*-9 - (-4 - -7). Suppose -10*f + 1306 + 324 = v. Is f a 